 be s(8). What is the greatest common divisor of g and 135?
27
Let j(l) = 10*l + 3. Let f be j(6). Let c = 28 + -19. What is the highest common divisor of c and f?
9
Let o be -6 + 7 + 1/1. Suppose -4*y = -o*y. Let q be 8/((-2)/(-5) + y). What is the highest common divisor of q and 40?
20
Suppose -260 = -7*z + 2*z. Let f = z + -32. Suppose -5*o - f = -i + 5, -4*o - 24 = -i. What is the greatest common divisor of i and 5?
5
Suppose 5*a = -5*o + 1302 + 483, 2*a - 711 = -5*o. Let v = -254 + a. What is the greatest common factor of v and 13?
13
Suppose -10 = 2*b - 72. Calculate the highest common factor of b and 155.
31
Let q be 13 + 3/(-9)*-6. Let m be (-4)/8*-5*2. What is the highest common factor of m and q?
5
Let i = 461 + -321. Let j be i/25 + 4/10. Suppose 6*k = 5*k + j. Calculate the greatest common factor of k and 42.
6
Let o(g) = -2*g + 38. Let b be o(10). What is the highest common factor of b and 6?
6
Let d be (((-165)/(-2))/(-5))/((-6)/16). Calculate the highest common factor of d and 4.
4
Suppose 56 = u - 34. What is the greatest common factor of u and 9?
9
Suppose -j = 2*b - 4*b + 34, -28 = -2*b + 4*j. Suppose -5*l = 377 - 1277. What is the highest common divisor of l and b?
18
Let y(v) = -v**2 + 11*v + 9. Let f be y(11). Suppose 0 = 2*d - d - 63. Calculate the greatest common divisor of d and f.
9
Let n = 1 + -5. Let x = n - -8. What is the highest common factor of x and 20?
4
Let p(g) = g**2 - 11*g + 32. Let t be p(9). What is the greatest common factor of 42 and t?
14
Let p be (-2)/10 - 4848/(-40). Calculate the highest common divisor of 11 and p.
11
Let r be 2 - (-70 + (-2)/(-1)). Calculate the highest common divisor of r and 7.
7
Suppose 39 = c + 2*c. What is the highest common divisor of c and 13?
13
Suppose -y + 5 = -4*l, 7*l + 15 = 2*l + 3*y. Suppose 0 = 5*a - 4*w - 100, l = 2*w - 0*w + 10. Calculate the highest common factor of 80 and a.
16
Let b(a) = -10*a - 27. Let m be b(-18). What is the greatest common divisor of m and 17?
17
Suppose -2*t = -3*t. Suppose t = 5*s - 2*s - 12. Suppose -3*r - 32 = -4*u + r, 0 = -5*u - 4*r + s. What is the highest common factor of u and 6?
2
Suppose -141 = -4*z - 1. What is the greatest common factor of 14 and z?
7
Let t be (2*3/(-18))/(5/(-495)). Calculate the highest common divisor of t and 33.
33
Suppose i + 0 - 6 = 0. Suppose -3*m = 4*z - i*m - 27, -z + 3 = 3*m. Suppose -h + 332 = 5*f - 0*f, 6 = 3*h. Calculate the greatest common factor of z and f.
6
Let b = -90 + 127. Suppose -x + 83 + b = 0. What is the greatest common divisor of 15 and x?
15
Let t = 61 + -6. Let x = -7 + 12. What is the highest common factor of t and x?
5
Let p be (6/4)/((-6)/(-2624)). Suppose 0 = 5*o - 4*k - p, 10*o + 4*k - 664 = 5*o. Let h = -12 - -24. Calculate the greatest common divisor of o and h.
12
Suppose b + 55 = 3*d, -2*d = -2*b - 26 - 12. Calculate the highest common divisor of d and 72.
18
Let z = -10 + 21. What is the highest common factor of z and 99?
11
Let z(a) = 0*a**2 - a**2 + 23 - a**3 - 5. Let n be z(0). What is the greatest common divisor of n and 36?
18
Suppose 0 = -d - 2*s + 40, 5*d - 104 = 3*d + 2*s. Calculate the highest common divisor of d and 36.
12
Let x = -64 + 91. Let d(v) = v**3 + v. Let b(y) = y**2 + 3*y. Let c(a) = b(a) - 2*d(a). Let k be c(-2). Calculate the greatest common divisor of k and x.
9
Suppose 4*w = 2*w. Suppose w = 4*j - 116 + 20. Suppose 0*v = 2*v - 24. Calculate the greatest common factor of j and v.
12
Let v be (-6)/9 + 16/6. What is the highest common factor of v and 18?
2
Suppose 5 = 2*c + 3*c. Let x be (1/(-1))/(c/(-9)). Let k be 12/4 + 306/6. What is the highest common factor of k and x?
9
Let q be 25/2 - (-3)/(-6). What is the greatest common divisor of q and 18?
6
Suppose -5*b = -0*b - 280. What is the highest common factor of 14 and b?
14
Let t(r) = r**2 - 13*r + 13. Let l be t(12). Calculate the greatest common factor of l and 3.
1
Let n be ((-4)/8)/(1/(-102)). Let m = n - 19. What is the greatest common factor of m and 8?
8
Let p(g) = g**2 - 1. Let z be p(5). Suppose 9*h - 11*h + 72 = 0. What is the highest common divisor of h and z?
12
Let o(x) = -x**3 - 11*x**2 - 3*x - 9. Let a be o(-11). Calculate the highest common factor of 16 and a.
8
Suppose -6*j + 9 + 9 = 0. Suppose -21 = -3*l + 3*f, 5*f - 2*f - 42 = -4*l. Calculate the highest common factor of j and l.
3
Let g be (1 - 0)/(4/12). Suppose -g*p = 3*z - 17 - 25, 0 = 4*z - 12. What is the greatest common divisor of p and 1?
1
Let h be 2/(-20)*2 + 1042/10. Calculate the highest common factor of 13 and h.
13
Let d(z) = z**2 + 7*z + 16. Let m be d(-5). What is the highest common factor of 30 and m?
6
Let r(a) = a**3 - a**2 - 2*a - 1. Let z be r(3). Calculate the greatest common factor of 22 and z.
11
Let g(o) = -o + 34. Let m be g(14). Calculate the highest common divisor of 2 and m.
2
Let r(g) = -g**3 - 5*g**2 + 8*g - 3. Let p be r(-6). Let h = p + 29. Calculate the greatest common divisor of h and 28.
14
Let v be ((-4)/(-10))/(2/(-10)). Let n be (-1)/v + 15/2. Suppose d = -d + n. Calculate the greatest common factor of d and 10.
2
Let j(t) be the third derivative of t**5/60 + t**3/6 - 2*t**2. Let m be j(3). Calculate the highest common factor of m and 20.
10
Suppose -10*z = -11*z + 6. Let b(w) = w**3 - 2*w**2 - w. Let g be b(3). Suppose 156 = 3*y - g. What is the greatest common divisor of y and z?
6
Suppose 4*x = x + 12. Calculate the greatest common divisor of 10 and x.
2
Suppose 3*m + 33 = 3*k + 5*m, 0 = -5*m - 15. What is the highest common factor of 65 and k?
13
Let c(b) be the third derivative of -b**5/60 + 11*b**4/24 - b**3 - 2*b**2. Let m be c(9). What is the highest common factor of 12 and m?
12
Suppose 0*x = 2*q + 4*x - 8, 5*x = -25. Calculate the highest common factor of q and 7.
7
Suppose -3*q + 27 = -3. Calculate the highest common factor of q and 30.
10
Let h = -3 + 8. Suppose 0 = h*f - 10*f + 5*g + 135, -3*f - g + 101 = 0. What is the greatest common factor of 4 and f?
4
Let j be 4*(1 + 2/(-4)). Let n be (-2)/(-4) - (-51)/j. Suppose 2*t = -5 + 31. What is the greatest common factor of n and t?
13
Let j = -29 + 45. What is the greatest common factor of j and 2?
2
Let h be -5 - 5/(20/(-12)). Let m(z) = -2*z**3 - 3*z**2 - 2*z + 2. Let n be m(h). What is the highest common factor of 20 and n?
10
Let u = 19 - 6. Let t(l) = -8*l**3 - 2*l**2 + 2*l. Let a be t(-2). What is the greatest common divisor of a and u?
13
Suppose 84 = 5*s + 9. Suppose 5*z + 15 = 0, -4*i + 8 + 8 = -4*z. Let o = i + 2. What is the highest common divisor of o and s?
3
Let b(j) = -j**3 + 6*j**2 + j + 7. Let u be b(6). Let x = -65 - -39. Let k be x/6*(-22 + 1). What is the greatest common factor of k and u?
13
Suppose -5*z + 59 = -2*t, z = 6*z - 4*t - 53. Calculate the highest common divisor of z and 26.
13
Let f = 17 + 18. Calculate the greatest common divisor of 5 and f.
5
Let x = -100 + 205. Suppose 2*m + m = x. Let y = 17 + -3. What is the highest common factor of m and y?
7
Suppose -5*x + 2*x - 129 = 0. Let q = -28 - x. Suppose -53 = -2*s + q. Calculate the highest common divisor of s and 51.
17
Suppose x = -3 - 2. Let m be 2*x/((-20)/76). Calculate the highest common factor of m and 19.
19
Let w(i) = i**2 + 4*i - 3. Let c be w(-5). What is the highest common divisor of 1 and c?
1
Let p = 8 + 52. What is the greatest common factor of p and 24?
12
Let m = -22 + 31. Calculate the highest common divisor of 9 and m.
9
Let z be (-12)/3*(-26)/8. Let p = z + 8. What is the greatest common divisor of p and 14?
7
Let n = 150 + -66. Calculate the greatest common factor of n and 12.
12
Let c(t) = 3 + 2*t**2 - 5*t**2 + 4*t**2 + 3 - 9*t. Let n be c(8). Let y be (-2 - -2) + n - -14. Calculate the highest common factor of y and 84.
12
Suppose 65 = k - 4*c - 8, 0 = -3*k - c + 206. Suppose k = 2*x - 3. Let v = x + -20. Calculate the highest common factor of v and 2.
2
Let x(m) = 2*m**2 + 12*m. Let z be x(-8). Let y = -2 - -1. Let r be (y/(-1) - -1) + 2. What is the greatest common factor of r and z?
4
Let d(q) = 17*q**2 - 2*q - 1. Let a be d(2). Suppose 1 = 5*s + 11. Let p be s/(-11) + 920/22. Calculate the greatest common factor of p and a.
21
Let d(t) = -2*t**3 - t**2 + 4*t + 3. Let j be 20/(-6) - (-4)/12. Let i be d(j). Let l be 20/2 